+ 2*k + 21, -5*u = -3*k - 8. What are the prime factors of (4/x)/(u/198 - 0)?
3, 11
Suppose 0 = 12*w - 5*w - 1582. Suppose -3742 = -6*t - w. What are the prime factors of t?
2, 293
Suppose 2*x + r = 6*x - 11, 4*r = 5*x - 11. List the prime factors of ((-4270)/28)/(x/(-6)).
5, 61
Let w(z) = -61*z - 385. List the prime factors of w(-80).
5, 29, 31
Suppose 7*t - 2046 = 2*t + 2*l, -3*t + 4*l + 1236 = 0. List the prime factors of t.
2, 3, 17
What are the prime factors of ((-6)/8 + (-1145)/20)*34701/(-258)?
29, 269
Suppose -l = 2*l - 504. Suppose 24*z = -2*z + 728. Let k = z + l. List the prime factors of k.
2, 7
Suppose -3*x + 35*t - 40*t + 33493 = 0, -2*x = t - 22338. List the prime factors of x.
11171
Let v be (-290)/(-35) - (2 + (-24)/14). Let a be 2 - (v - 7)/((-2)/250). Suppose -t - n - a = -3*t, -5*t + 325 = -4*n. What are the prime factors of t?
61
Suppose 96*s - 95*s - 12352 = y, -61736 = -5*s - y. List the prime factors of s.
2, 3, 7
Suppose -16*c + 8803 + 5021 = 0. Let z = c - 319. What are the prime factors of z?
5, 109
Let b be 0/(-12) + (4 - 1). Let c = 137 - 129. List the prime factors of b - (-4)/(c/246).
2, 3, 7
Let m(t) = -83*t + 96. Let k be m(-3). Let n = 451 - k. List the prime factors of n.
2, 53
Suppose h - 7016 = -5*b + 11120, 0 = b - 4*h - 3644. Suppose -18*y = -22*y + b. What are the prime factors of y?
907
Let w(r) = -41*r - 217. Let j(s) = 5*s**2 - 38*s - 3. Let k be j(7). List the prime factors of w(k).
13, 59
Suppose -2*n + 18235 + 59559 = 3*b, -n + b + 38897 = 0. List the prime factors of n.
97, 401
What are the prime factors of 2588850/165 + (-2)/1?
2, 37, 53
Let j be (-53)/(-5) - (-4)/10. Let b(m) = 16*m - 432. Let t(c) = -121. Let a(s) = b(s) - 3*t(s). List the prime factors of a(j).
107
List the prime factors of (-27450)/300*2830/(-5).
3, 61, 283
Let s = -33 + 37. Suppose -s = -4*k + 4. What are the prime factors of ((-24)/15)/(k/(-55)) + 0?
2, 11
Let g(f) = -f - 14. Let k be g(-13). List the prime factors of (k - -1 - 2)/((-50)/13125).
3, 5, 7
Let y(a) = 1385*a + 5059. List the prime factors of y(6).
29, 461
Let a be (-13 - -8) + 9 - (0 - 0). What are the prime factors of 44/11*158/a?
2, 79
Let l(g) = -7*g**2 + g - 27. Let m(n) = -n**2 - 1. Let c = -48 + 47. Let b(x) = c*l(x) + 6*m(x). List the prime factors of b(-7).
7, 11
Let v(n) = -n**3 + 28*n**2 - 28*n - 6. Let y be v(23). Let o = y - 903. List the prime factors of o.
2, 3, 7, 13
Let k be 10/12 + 45880/240. Let t = k + 716. What are the prime factors of t?
2, 227
Suppose 0*a = 5*a, -30 = -3*w + 3*a. Let q be 2/w - ((-7672)/10)/4. Suppose -5*z = 4*k - 979, z = -0*z + 3*k + q. List the prime factors of z.
3, 5, 13
Let t(m) = -3*m**3 + 20*m**2 + 3*m + 14. What are the prime factors of t(5)?
2, 7, 11
What are the prime factors of 5465348/116 - 66/957?
3, 5, 349
Let u be (-19454)/18 - 1 - (-184)/(-828). Let b = -568 - u. List the prime factors of b.
2, 257
Let t be (-16)/(-56) + (-165)/(-35). Suppose -5439 = -4*y - g, -6*y = -9*y - t*g + 4058. What are the prime factors of y?
1361
Let h(k) = 3*k**2 - 5*k - 1. Let f be h(4). Suppose 8*z + f - 91 = 0. Suppose 0 = z*w - 7*w - 93. List the prime factors of w.
3, 31
Suppose 5*q - 2*t - 46890 = 0, 28072 + 9440 = 4*q - 4*t. What are the prime factors of q?
2, 3, 521
Let c(x) = -x**3 - 26*x**2 - 15*x - 18. Let v(o) = 2*o**3 + 52*o**2 + 29*o + 36. Let i(t) = 13*c(t) + 6*v(t). List the prime factors of i(-26).
2, 3, 11
Suppose 6 = 2*t + n + 64, -t + 3*n - 15 = 0. Let z = t - -32. What are the prime factors of (2 + -1)/(z/10) - -108?
2, 5, 11
Let p = -445 - -456. What are the prime factors of (p/(-33))/(1/(-4872))?
2, 7, 29
Let l = -86 - -229. Let t = -73 + 182. Suppose -4*p + t = -l. List the prime factors of p.
3, 7
Let s = -506 + 508. Suppose -3*h - 4*t + 3980 = -9*t, -4*t = s*h - 2646. What are the prime factors of h?
5, 53
Suppose -u - 101 = -3*k, -3*u - k = -u + 188. Let n = u - -11. Let a = 150 + n. List the prime factors of a.
2, 3, 11
Let t(h) be the third derivative of -35*h**4/24 - 37*h**3/6 - 9*h**2 - 3. List the prime factors of t(-9).
2, 139
Let d = 18852 - 17158. List the prime factors of d.
2, 7, 11
Let t(q) be the first derivative of -3*q**4/4 - 10*q**3/3 + 33*q**2/2 - q + 158. What are the prime factors of t(-8)?
631
Suppose -3*s - 3*f + 48 = 0, 25 = 4*s - 3*f - 11. What are the prime factors of (2 - s/9) + (-913)/(-3)?
5, 61
Let m(n) = 168*n + 2293. What are the prime factors of m(139)?
5, 23, 223
Let l = -2275 + 2399. What are the prime factors of l?
2, 31
Let m(f) = 3*f**3 - 78*f**2 - 25*f + 394. What are the prime factors of m(28)?
2, 3, 733
Let k(s) = -s**3 + 12*s**2 - 8*s - 24. Let b be k(11). Suppose 0 = -b*v + 1054 + 1916. List the prime factors of v.
2, 3, 5, 11
Suppose x = 7 - 7. Suppose s + 3 = -4*v - 14, x = -2*s + v + 2. What are the prime factors of (-141)/(s - 2) - (-8 + 5)?
2, 5
Suppose 5*m - 180 + 170 = 0. Suppose y + h - 749 = 0, -m*h = -y - 2*y + 2247. What are the prime factors of y?
7, 107
Let p(c) = 90*c - 2079. List the prime factors of p(72).
3, 163
Let t = 306 - -372. Let w = t - 144. List the prime factors of w.
2, 3, 89
Suppose -6*f + 11*f = 2*i - 29, 3*f + 17 = i. Suppose 5485 = 5*a - 4*m, 0*m + 3*m - 2194 = -i*a. List the prime factors of a.
1097
What are the prime factors of (-65128428)/(-3553) + 16/11 + -2?
2, 3, 5, 13, 47
Suppose -4*i - 4*r + 24439 = -17649, 3*i - 31564 = -r. What are the prime factors of i?
3, 7, 167
Suppose 5*a - 20 = 0, 53*m - 54*m + 1990 = 2*a. List the prime factors of m.
2, 991
Let b(q) = 9*q + 37. Let l be b(-12). Let n = 86 + l. What are the prime factors of (-11 + n)/((-2)/(-45))?
2, 3, 5
Let d(y) be the third derivative of -41*y**4/12 + y**3/6 - y**2. Let i(l) = -45*l - 4232. Let a be i(-94). List the prime factors of d(a).
3, 5, 11
Suppose 805220 - 1199905 = -105*h + 2235355. What are the prime factors of h?
2, 31, 101
Let i = 160894 + -89606. List the prime factors of i.
2, 7, 19, 67
Suppose 55 = o - 68. Let i be (16/(-32))/((-1)/(1*-10)). Let y = i + o. What are the prime factors of y?
2, 59
Suppose -3548260 = 69*w - 166*w. List the prime factors of w.
2, 5, 31, 59
Let u(k) = -k**2 + 6*k - 9. Let q be u(-6). What are the prime factors of (-132)/10*(q - -21)?
2, 3, 11
Suppose 36*f - 228*f + 180243 + 116973 = 0. List the prime factors of f.
2, 3, 43
Suppose 18*r + 79026 = 283055 + 296029. What are the prime factors of r?
13, 2137
Let l(h) = 6*h**2 - 5*h + 3. Let x be l(-4). Suppose -33 = -8*p + x. Let c(a) = -a**2 + 20*a. What are the prime factors of c(p)?
19
Let n be ((-1278)/(-24))/((-4)/288*-3). Suppose -3182 = -o - 4*o - 4*u, 2*o - n = u. List the prime factors of o.
2, 11, 29
Let n = 152 + 11. Let g = -86 + n. Suppose -3*r + g = -247. List the prime factors of r.
2, 3
Suppose 0 = 2*r - 5*c + 10 - 25, -4*r - 6 = 2*c. Suppose 5*h + 19 + 11 = r. Let y = h + 62. What are the prime factors of y?
2, 7
Let f(d) = -43*d - 34. Let a be f(-5). Let w = a - 91. List the prime factors of w.
2, 3, 5
Let s = 388 + -275. Let a = s - 41. Suppose -4*o - y = -a, -o = -4*o - y + 55. List the prime factors of o.
17
Let s be (12/(-15))/((-2)/220) + -5. Let m = s - -1198. List the prime factors of m.
3, 7, 61
Let h = 80 + -85. Let a(n) = -n**3 - 7*n**2 - 13*n - 12. Let f be a(h). Suppose 6*k = 4*k + 3*d + 107, f*d + 217 = 4*k. What are the prime factors of k?
5, 11
Let g(p) = -p**3 + 9*p**2 + p. Let n be g(7). Suppose -3*u - 4*q + 61 = -5*q, 5*u - q - n = 0. Suppose u*r - 29*r + 1400 = 0. What are the prime factors of r?
2, 5
Suppose -10*d + 7262 = 1592. Let i = -177 + d. List the prime factors of i.
2, 3, 5, 13
What are the prime factors of 6/(-111) + (-7058200)/(-1480) + 3?
2, 1193
Suppose 3*l - 16977 = 38256 + 36069. List the prime factors of l.
2, 15217
Suppose -4*j = x - 24988, x + 2*j = 13971 + 11027. What are the prime factors of x?
2, 3, 521
Let n(w) = 3*w + 2. Let z be n(2). Let j = -14197 + 14201. Suppose j*m + 624 = z*m. List the prime factors of m.
2, 3, 13
Suppose 16384 = 3*f + 4*o, -f + 190*o = 185*o - 5493. List the prime factors of f.
2, 1367
Let t(j) = 7*j**3 + 9*j**2 + 73*j - 680. What are the prime factors of t(12)?
2, 43, 79
Suppose 8*b = 110314 - 32890. What are the prime factors of b?
2, 3, 1613
Let g be (-1 - -1) + 5 + -2. Suppose g*w + 